{"id":2,"date":"2022-02-04T18:01:47","date_gmt":"2022-02-04T18:01:47","guid":{"rendered":"https:\/\/2022.robocupjunior.eu\/rcj\/?page_id=2"},"modified":"2022-06-27T15:16:40","modified_gmt":"2022-06-27T15:16:40","slug":"oficinas","status":"publish","type":"page","link":"https:\/\/2022.robocupjunior.eu\/rcj\/index.php\/oficinas\/","title":{"rendered":"EXPO Ci\u00eancia"},"content":{"rendered":"\n<div class=\"wp-block-columns is-layout-flex wp-container-core-columns-is-layout-28f84493 wp-block-columns-is-layout-flex\">\n<div class=\"wp-block-column is-layout-flow wp-block-column-is-layout-flow\">\n<div class=\"wp-block-buttons is-content-justification-right is-layout-flex wp-container-core-buttons-is-layout-d445cf74 wp-block-buttons-is-layout-flex\">\n<div class=\"wp-block-button\"><a class=\"wp-block-button__link\" href=\"https:\/\/2022.robocupjunior.eu\/rcj\/index.php\/workshops\">Switch to English<\/a><\/div>\n<\/div>\n<\/div>\n<\/div>\n\n\n\n<div class=\"wp-block-columns is-layout-flex wp-container-core-columns-is-layout-28f84493 wp-block-columns-is-layout-flex\">\n<div class=\"wp-block-column is-layout-flow wp-block-column-is-layout-flow\" style=\"flex-basis:80%\"><figure class=\"wp-block-post-featured-image\"><img loading=\"lazy\" decoding=\"async\" width=\"1920\" height=\"968\" src=\"https:\/\/2022.robocupjunior.eu\/rcj\/wp-content\/uploads\/2022\/05\/ScienceExpo_noLogos_med.png\" class=\"attachment-post-thumbnail size-post-thumbnail wp-post-image\" alt=\"\" style=\"object-fit:cover;\" srcset=\"https:\/\/2022.robocupjunior.eu\/rcj\/wp-content\/uploads\/2022\/05\/ScienceExpo_noLogos_med.png 1920w, https:\/\/2022.robocupjunior.eu\/rcj\/wp-content\/uploads\/2022\/05\/ScienceExpo_noLogos_med-300x151.png 300w, https:\/\/2022.robocupjunior.eu\/rcj\/wp-content\/uploads\/2022\/05\/ScienceExpo_noLogos_med-1024x516.png 1024w, https:\/\/2022.robocupjunior.eu\/rcj\/wp-content\/uploads\/2022\/05\/ScienceExpo_noLogos_med-768x387.png 768w, https:\/\/2022.robocupjunior.eu\/rcj\/wp-content\/uploads\/2022\/05\/ScienceExpo_noLogos_med-1536x774.png 1536w\" sizes=\"auto, (max-width: 1920px) 100vw, 1920px\" \/><\/figure><\/div>\n\n\n\n<div class=\"wp-block-column is-layout-flow wp-block-column-is-layout-flow\" style=\"padding-top:0px;padding-right:0px;padding-bottom:0px;padding-left:0px;flex-basis:20%\">\n<!-- START Kaya QR Code Generator --><div class=\"wpkqcg_qrcode_wrapper\"><input type=\"hidden\" id=\"wpkqcg_qrcode_outputimg_4969d6e7ac8d68e38_ecclevel\" value=\"L\" \/><input type=\"hidden\" id=\"wpkqcg_qrcode_outputimg_4969d6e7ac8d68e38_size\" value=\"\" \/><input type=\"hidden\" id=\"wpkqcg_qrcode_outputimg_4969d6e7ac8d68e38_color\" value=\"\" \/><input type=\"hidden\" id=\"wpkqcg_qrcode_outputimg_4969d6e7ac8d68e38_bgcolor\" value=\"\" \/><input type=\"hidden\" id=\"wpkqcg_qrcode_outputimg_4969d6e7ac8d68e38_content\" value=\"https:\/\/2022.robocupjunior.eu\/rcj\/index.php\/wp-json\/wp\/v2\/pages\/2\" \/><img decoding=\"async\" src=\"\" id=\"wpkqcg_qrcode_outputimg_4969d6e7ac8d68e38\" alt=\"QR Code\" class=\"wpkqcg_qrcode\" style=\"width: auto; height: auto; max-width: 100%;\" ><div style=\"clear: none;\"><\/div><\/div><!-- END Kaya QR Code Generator -->\n<\/div>\n<\/div>\n\n\n<h2 class=\"wp-block-post-title\">EXPO Ci\u00eancia<\/h2>\n\n\n<figure class=\"wp-block-embed is-type-video is-provider-youtube wp-block-embed-youtube wp-embed-aspect-16-9 wp-has-aspect-ratio\"><div class=\"wp-block-embed__wrapper\">\n<iframe loading=\"lazy\" title=\"Science Expo\" width=\"500\" height=\"281\" src=\"https:\/\/www.youtube.com\/embed\/QD30kgSLgcU?feature=oembed\" frameborder=\"0\" allow=\"accelerometer; autoplay; clipboard-write; encrypted-media; gyroscope; picture-in-picture; web-share\" referrerpolicy=\"strict-origin-when-cross-origin\" allowfullscreen><\/iframe>\n<\/div><\/figure>\n\n\n\n<p>Bem-vindo. Neste site podes encontrar uma cole\u00e7\u00e3o de experi\u00eancias educativas com descri\u00e7\u00e3o dos seus componentes e explica\u00e7\u00e3o do seu princ\u00edpio de funcionamento.<\/p>\n\n\n\n<blockquote class=\"wp-block-quote is-layout-flow wp-block-quote-is-layout-flow\"><p><em>Foi uma experi\u00eancia fant\u00e1stica ter participado neste projeto. Aprendi imenso sobre o funcionamento de v\u00e1rios dispositivos. As experi\u00eancias s\u00e3o muito interessantes e ilustram bem os conceitos cient\u00edficos.<\/em><\/p><cite>Nino Pereira &#8211; 2022<\/cite><\/blockquote>\n\n\n\n<blockquote class=\"wp-block-quote is-layout-flow wp-block-quote-is-layout-flow\"><p>O mais importante para mim foi  ter a oportunidade de construir e personalizar muitas das experi\u00eancias. Tornar este trabalho dispon\u00edvel ao p\u00fablico \u00e9 muito satisfat\u00f3rio. Foi um grande trabalho de equipa de v\u00e1rios meses que agora est\u00e1 dispon\u00edvel para todos.<\/p><cite>Delfim Pedrosa &#8211; 2022<\/cite><\/blockquote>\n\n\n\n<blockquote class=\"wp-block-quote is-layout-flow wp-block-quote-is-layout-flow\"><p>A prepara\u00e7\u00e3o destas experi\u00eancias levou-me a querer aprender ainda mais sobre os princ\u00edpios de funcionamento de cada uma delas. Aconselho o todos os jovens a explorar cada experi\u00eancia em pormenor. <\/p><cite>Carolina Lopes &#8211; 2022<\/cite><\/blockquote>\n\n\n\n<blockquote class=\"wp-block-quote is-layout-flow wp-block-quote-is-layout-flow\"><p><em>Ao preparar as experi\u00eancias tive oportunidade de perceber a fun\u00e7\u00e3o e a import\u00e2ncia de cada componente. S\u00f3 ent\u00e3o \u00e9 que pude imaginar e apreciar verdadeiramente o trabalho de desenvolvimento que esteve por traz de cada uma das inven\u00e7\u00f5es.<\/em><\/p><cite>Ant\u00f3nio Ribeiro &#8211; 2022<\/cite><\/blockquote>\n\n\n\n<p>Ao navegar pelo menu poder\u00e1s encontrar links para as diversas \u00e1reas e diversas p\u00e1ginas para cada experi\u00eancia. Ao todo s\u00e3o mais de 50 experi\u00eancias para explorar. Aprende e diverte-te.<\/p>\n\n\n\n\n<!-- Page-list plugin v.5.2 wordpress.org\/plugins\/page-list\/ -->\n<ul class=\"page-list subpages-page-list \">\n<li class=\"page_item page-item-245 page_item_has_children\"><a href=\"https:\/\/2022.robocupjunior.eu\/rcj\/index.php\/oficinas\/eletronica-e-algoritmos\/\">Electr\u00f3nica e Algoritmos<\/a>\n<ul class='children'>\n\t<li class=\"page_item page-item-503\"><a href=\"https:\/\/2022.robocupjunior.eu\/rcj\/index.php\/oficinas\/eletronica-e-algoritmos\/ofi-48-circuitos-de-eletronica-basicos\/\">Circuitos de Eletr\u00f3nica B\u00e1sicos<\/a><\/li>\n\t<li class=\"page_item page-item-636\"><a href=\"https:\/\/2022.robocupjunior.eu\/rcj\/index.php\/oficinas\/eletronica-e-algoritmos\/ofi-51-circuitos-scribe\/\">Circuitos Scribe<\/a><\/li>\n\t<li class=\"page_item page-item-578\"><a href=\"https:\/\/2022.robocupjunior.eu\/rcj\/index.php\/oficinas\/eletronica-e-algoritmos\/ofi-50-corrida-energetica\/\">Corrida Energ\u00e9tica<\/a><\/li>\n\t<li class=\"page_item page-item-647\"><a href=\"https:\/\/2022.robocupjunior.eu\/rcj\/index.php\/oficinas\/eletronica-e-algoritmos\/kit-smart-home\/\">Kit Smart Home<\/a><\/li>\n\t<li class=\"page_item page-item-634\"><a href=\"https:\/\/2022.robocupjunior.eu\/rcj\/index.php\/oficinas\/eletronica-e-algoritmos\/ofi-59\/\">Little Bits<\/a><\/li>\n\t<li class=\"page_item page-item-326\"><a href=\"https:\/\/2022.robocupjunior.eu\/rcj\/index.php\/oficinas\/eletronica-e-algoritmos\/puzzle-de-klotski\/\">Puzzle de Klotski<\/a><\/li>\n\t<li class=\"page_item page-item-297\"><a href=\"https:\/\/2022.robocupjunior.eu\/rcj\/index.php\/oficinas\/eletronica-e-algoritmos\/torre-de-hanoi\/\">Torre de Hanoi<\/a><\/li>\n<\/ul>\n<\/li>\n<li class=\"page_item page-item-231 page_item_has_children\"><a href=\"https:\/\/2022.robocupjunior.eu\/rcj\/index.php\/oficinas\/luz-e-imagem\/\">Luz e Imagem<\/a>\n<ul class='children'>\n\t<li class=\"page_item page-item-485\"><a href=\"https:\/\/2022.robocupjunior.eu\/rcj\/index.php\/oficinas\/luz-e-imagem\/ofi-32-caixa-magica\/\">Caixa M\u00e1gica<\/a><\/li>\n\t<li class=\"page_item page-item-278\"><a href=\"https:\/\/2022.robocupjunior.eu\/rcj\/index.php\/oficinas\/luz-e-imagem\/caleidoscopio\/\">Caleidosc\u00f3pio<\/a><\/li>\n\t<li class=\"page_item page-item-434\"><a href=\"https:\/\/2022.robocupjunior.eu\/rcj\/index.php\/oficinas\/luz-e-imagem\/ofi-33-caras-misturadas\/\">Caras misturadas<\/a><\/li>\n\t<li class=\"page_item page-item-560\"><a href=\"https:\/\/2022.robocupjunior.eu\/rcj\/index.php\/oficinas\/luz-e-imagem\/ofi-29-efeito-estroboscopico\/\">Efeito Estrobosc\u00f3pico<\/a><\/li>\n\t<li class=\"page_item page-item-306\"><a href=\"https:\/\/2022.robocupjunior.eu\/rcj\/index.php\/oficinas\/luz-e-imagem\/filme-polarizador\/\">Filme Polarizador<\/a><\/li>\n\t<li class=\"page_item page-item-340\"><a href=\"https:\/\/2022.robocupjunior.eu\/rcj\/index.php\/oficinas\/luz-e-imagem\/ofi-25-ilusoes-de-otica\/\">Ilus\u00f5es de \u00d3tica<\/a><\/li>\n\t<li class=\"page_item page-item-569\"><a href=\"https:\/\/2022.robocupjunior.eu\/rcj\/index.php\/oficinas\/luz-e-imagem\/ofi-27-lente-de-agua\/\">Lente de \u00c1gua<\/a><\/li>\n\t<li class=\"page_item page-item-425\"><a href=\"https:\/\/2022.robocupjunior.eu\/rcj\/index.php\/oficinas\/luz-e-imagem\/ofi-30-litofanes\/\">Litofanes<\/a><\/li>\n\t<li class=\"page_item page-item-291\"><a href=\"https:\/\/2022.robocupjunior.eu\/rcj\/index.php\/oficinas\/luz-e-imagem\/ofi-28-prisma-de-luz\/\">Prisma de Luz<\/a><\/li>\n<\/ul>\n<\/li>\n<li class=\"page_item page-item-235 page_item_has_children\"><a href=\"https:\/\/2022.robocupjunior.eu\/rcj\/index.php\/oficinas\/magnetismo\/\">Magnetismo<\/a>\n<ul class='children'>\n\t<li class=\"page_item page-item-442\"><a href=\"https:\/\/2022.robocupjunior.eu\/rcj\/index.php\/oficinas\/magnetismo\/ofi-35-canhao-magnetico\/\">Canh\u00e3o Magn\u00e9tico<\/a><\/li>\n\t<li class=\"page_item page-item-312\"><a href=\"https:\/\/2022.robocupjunior.eu\/rcj\/index.php\/oficinas\/magnetismo\/filme-visualizador-de-campo-magnetico\/\">Filme Visualizador de Campo Magnetico<\/a><\/li>\n\t<li class=\"page_item page-item-373\"><a href=\"https:\/\/2022.robocupjunior.eu\/rcj\/index.php\/oficinas\/magnetismo\/ofi-36-magnetismo-em-frasco\/\">Magnetismo em Frasco<\/a><\/li>\n\t<li class=\"page_item page-item-381\"><a href=\"https:\/\/2022.robocupjunior.eu\/rcj\/index.php\/oficinas\/magnetismo\/ofi-38-magnetismo-em-mesa\/\">Magnetismo em Mesa<\/a><\/li>\n\t<li class=\"page_item page-item-338\"><a href=\"https:\/\/2022.robocupjunior.eu\/rcj\/index.php\/oficinas\/magnetismo\/massa-magnetica-inteligente\/\">Massa Magn\u00e9tica Inteligente<\/a><\/li>\n<\/ul>\n<\/li>\n<li class=\"page_item page-item-225 page_item_has_children\"><a href=\"https:\/\/2022.robocupjunior.eu\/rcj\/index.php\/oficinas\/maquinas-miniatura\/\">M\u00e1quinas Miniatura<\/a>\n<ul class='children'>\n\t<li class=\"page_item page-item-195\"><a href=\"https:\/\/2022.robocupjunior.eu\/rcj\/index.php\/oficinas\/maquinas-miniatura\/ofi-8-bobine-de-tesla\/\">Bobine de Tesla<\/a><\/li>\n\t<li class=\"page_item page-item-79\"><a href=\"https:\/\/2022.robocupjunior.eu\/rcj\/index.php\/oficinas\/maquinas-miniatura\/bola-de-plasma\/\">Bola de Plasma<\/a><\/li>\n\t<li class=\"page_item page-item-9\"><a href=\"https:\/\/2022.robocupjunior.eu\/rcj\/index.php\/oficinas\/maquinas-miniatura\/maglev_pt\/\">Levita\u00e7\u00e3o magn\u00e9tica<\/a><\/li>\n\t<li class=\"page_item page-item-197\"><a href=\"https:\/\/2022.robocupjunior.eu\/rcj\/index.php\/oficinas\/maquinas-miniatura\/ofi-12-maquina-estatica-wimshurst\/\">M\u00e1quina est\u00e1tica Wimshurst<\/a><\/li>\n\t<li class=\"page_item page-item-174\"><a href=\"https:\/\/2022.robocupjunior.eu\/rcj\/index.php\/oficinas\/maquinas-miniatura\/ofi-13-motor-a-vapor\/\">Motor a vapor<\/a><\/li>\n\t<li class=\"page_item page-item-100\"><a href=\"https:\/\/2022.robocupjunior.eu\/rcj\/index.php\/oficinas\/maquinas-miniatura\/ofi-9-motor-dc\/\">Motor DC<\/a><\/li>\n\t<li class=\"page_item page-item-183\"><a href=\"https:\/\/2022.robocupjunior.eu\/rcj\/index.php\/oficinas\/maquinas-miniatura\/ofi-15-motor\/\">Motor de Ar Quente<\/a><\/li>\n\t<li class=\"page_item page-item-189\"><a href=\"https:\/\/2022.robocupjunior.eu\/rcj\/index.php\/oficinas\/maquinas-miniatura\/ofi-10-motor-de-stirling-temperatura\/\">Motor de Stirling (temperatura)<\/a><\/li>\n\t<li class=\"page_item page-item-212\"><a href=\"https:\/\/2022.robocupjunior.eu\/rcj\/index.php\/oficinas\/maquinas-miniatura\/ofi-14-motor-mendocino\/\">Motor Mendocino<\/a><\/li>\n\t<li class=\"page_item page-item-133\"><a href=\"https:\/\/2022.robocupjunior.eu\/rcj\/index.php\/oficinas\/maquinas-miniatura\/ofi-16-motor-stirling-2-cilindros\/\">Motor Stirling 2 Cilindros<\/a><\/li>\n<\/ul>\n<\/li>\n<li class=\"page_item page-item-239 page_item_has_children\"><a href=\"https:\/\/2022.robocupjunior.eu\/rcj\/index.php\/oficinas\/mecanica\/\">Mec\u00e2nica<\/a>\n<ul class='children'>\n\t<li class=\"page_item page-item-333\"><a href=\"https:\/\/2022.robocupjunior.eu\/rcj\/index.php\/oficinas\/mecanica\/caixa-de-velocidades\/\">Caixa de Velocidades<\/a><\/li>\n\t<li class=\"page_item page-item-320\"><a href=\"https:\/\/2022.robocupjunior.eu\/rcj\/index.php\/oficinas\/mecanica\/kit-diferencial\/\">Kit Diferencial<\/a><\/li>\n\t<li class=\"page_item page-item-396\"><a href=\"https:\/\/2022.robocupjunior.eu\/rcj\/index.php\/oficinas\/mecanica\/kit-marvel\/\">Kit Marvel<\/a><\/li>\n\t<li class=\"page_item page-item-457\"><a href=\"https:\/\/2022.robocupjunior.eu\/rcj\/index.php\/oficinas\/mecanica\/ofi-46-sistemas-de-roldanas\/\">Sistemas de Roldanas<\/a><\/li>\n<\/ul>\n<\/li>\n<li class=\"page_item page-item-227 page_item_has_children\"><a href=\"https:\/\/2022.robocupjunior.eu\/rcj\/index.php\/oficinas\/som\/\">Som<\/a>\n<ul class='children'>\n\t<li class=\"page_item page-item-247\"><a href=\"https:\/\/2022.robocupjunior.eu\/rcj\/index.php\/oficinas\/som\/canhao-de-ar\/\">Canh\u00e3o de ar<\/a><\/li>\n\t<li class=\"page_item page-item-268\"><a href=\"https:\/\/2022.robocupjunior.eu\/rcj\/index.php\/oficinas\/som\/discos-dos-segredos\/\">Discos dos Segredos<\/a><\/li>\n\t<li class=\"page_item page-item-530\"><a href=\"https:\/\/2022.robocupjunior.eu\/rcj\/index.php\/oficinas\/som\/ofi-22-drawdio\/\">Drawdio<\/a><\/li>\n\t<li class=\"page_item page-item-416\"><a href=\"https:\/\/2022.robocupjunior.eu\/rcj\/index.php\/oficinas\/som\/music-lab\/\">Music Lab<\/a><\/li>\n\t<li class=\"page_item page-item-522\"><a href=\"https:\/\/2022.robocupjunior.eu\/rcj\/index.php\/oficinas\/som\/ofi-19-pratos-chladni\/\">Pratos Chladni<\/a><\/li>\n\t<li class=\"page_item page-item-513\"><a href=\"https:\/\/2022.robocupjunior.eu\/rcj\/index.php\/oficinas\/som\/ofi-21-sound-bite\/\">Sound Bite<\/a><\/li>\n<\/ul>\n<\/li>\n\n<\/ul>\n","protected":false},"excerpt":{"rendered":"<p>Bem-vindo. Neste site podes encontrar uma cole\u00e7\u00e3o de experi\u00eancias educativas com descri\u00e7\u00e3o dos seus componentes e explica\u00e7\u00e3o do seu princ\u00edpio de funcionamento. Foi uma experi\u00eancia fant\u00e1stica ter participado neste projeto. Aprendi imenso sobre o funcionamento de v\u00e1rios dispositivos. As experi\u00eancias s\u00e3o muito interessantes e ilustram bem os conceitos cient\u00edficos. Nino Pereira &#8211; 2022 O mais [&hellip;]<\/p>\n","protected":false},"author":2,"featured_media":652,"parent":0,"menu_order":0,"comment_status":"closed","ping_status":"open","template":"","meta":{"footnotes":""},"class_list":["post-2","page","type-page","status-publish","has-post-thumbnail","hentry"],"_links":{"self":[{"href":"https:\/\/2022.robocupjunior.eu\/rcj\/index.php\/wp-json\/wp\/v2\/pages\/2","targetHints":{"allow":["GET"]}}],"collection":[{"href":"https:\/\/2022.robocupjunior.eu\/rcj\/index.php\/wp-json\/wp\/v2\/pages"}],"about":[{"href":"https:\/\/2022.robocupjunior.eu\/rcj\/index.php\/wp-json\/wp\/v2\/types\/page"}],"author":[{"embeddable":true,"href":"https:\/\/2022.robocupjunior.eu\/rcj\/index.php\/wp-json\/wp\/v2\/users\/2"}],"replies":[{"embeddable":true,"href":"https:\/\/2022.robocupjunior.eu\/rcj\/index.php\/wp-json\/wp\/v2\/comments?post=2"}],"version-history":[{"count":11,"href":"https:\/\/2022.robocupjunior.eu\/rcj\/index.php\/wp-json\/wp\/v2\/pages\/2\/revisions"}],"predecessor-version":[{"id":1031,"href":"https:\/\/2022.robocupjunior.eu\/rcj\/index.php\/wp-json\/wp\/v2\/pages\/2\/revisions\/1031"}],"wp:featuredmedia":[{"embeddable":true,"href":"https:\/\/2022.robocupjunior.eu\/rcj\/index.php\/wp-json\/wp\/v2\/media\/652"}],"wp:attachment":[{"href":"https:\/\/2022.robocupjunior.eu\/rcj\/index.php\/wp-json\/wp\/v2\/media?parent=2"}],"curies":[{"name":"wp","href":"https:\/\/api.w.org\/{rel}","templated":true}]}}